{"id":87,"date":"2019-04-04T13:25:18","date_gmt":"2019-04-04T13:25:18","guid":{"rendered":"http:\/\/verhaltenstherapie-luebeck.de\/?page_id=87"},"modified":"2019-04-08T07:48:35","modified_gmt":"2019-04-08T07:48:35","slug":"impressum","status":"publish","type":"page","link":"https:\/\/verhaltenstherapie-luebeck.de\/?page_id=87","title":{"rendered":"Impressum"},"content":{"rendered":"\n<p>Angaben gem\u00e4\u00df Elektronisches Gesch\u00e4ftsverkehrsgesetz und Teledienstgesetz vom 21.12.2001<\/p>\n\n\n\n<p>Dr. Frank Boveleth, Dr. Kathrin K. Muth, Dr. Katja Voigt und R\u00fcdiger Voigt sind:<\/p>\n\n\n\n<p><\/p>\n\n\n\n<ul class=\"wp-block-list\"><li>approbiert als Psychologischer Psychotherapeut bzw. Psychologische Psychotherapeutin. Diese Berufsbezeichnung wurde von der Bundesrepublik Deutschland verliehen.<\/li><li>zugelassen bei der Kassen\u00e4rztlichen Vereinigung Schleswig-Holstein f\u00fcr: Verhaltenstherapie als Einzeltherapie bei Erwachsenen<\/li><li>Mitglied in der Psychotherapeutenkammer Schleswig-Holstein. Die Psychotherapeutenkammer ist zugleich die zust\u00e4ndige Aufsichtsbeh\u00f6rde.<\/li><\/ul>\n\n\n\n<p>Das Berufsrecht ist, soweit keine anderen Regelungen durch die Kammer gelten, durch das Psychotherapeutengesetz geregelt:<br>Gesetz \u00fcber die Berufe des Psychologischen Psychotherapeuten und des Kinder- und Jugendlichenpsychotherapeuten<br>(Psychotherapeutengesetz &#8211; PsychThG) vom 01.01.1999<\/p>\n\n\n\n<p><strong>Adresse<\/strong><br>Praxis f\u00fcr Psychotherapie<br>K\u00f6nigstr. 58<br>23552 L\u00fcbeck<\/p>\n\n\n\n<p>Telefon 0451 7073410<br><\/p>\n","protected":false},"excerpt":{"rendered":"<p>Angaben gem\u00e4\u00df Elektronisches Gesch\u00e4ftsverkehrsgesetz und Teledienstgesetz vom 21.12.2001 Dr. Frank Boveleth, Dr. Kathrin K. Muth, Dr. Katja Voigt und R\u00fcdiger Voigt sind: approbiert als Psychologischer Psychotherapeut bzw. Psychologische Psychotherapeutin. Diese Berufsbezeichnung wurde von der Bundesrepublik Deutschland verliehen. zugelassen bei der Kassen\u00e4rztlichen Vereinigung Schleswig-Holstein f\u00fcr: Verhaltenstherapie als Einzeltherapie bei Erwachsenen Mitglied in der Psychotherapeutenkammer Schleswig-Holstein. Die &hellip; <\/p>\n<p class=\"link-more\"><a href=\"https:\/\/verhaltenstherapie-luebeck.de\/?page_id=87\" class=\"more-link\"><span class=\"screen-reader-text\">\u201eImpressum\u201c<\/span> weiterlesen<\/a><\/p>\n","protected":false},"author":1,"featured_media":0,"parent":0,"menu_order":0,"comment_status":"closed","ping_status":"closed","template":"","meta":{"footnotes":""},"class_list":["post-87","page","type-page","status-publish","hentry"],"_links":{"self":[{"href":"https:\/\/verhaltenstherapie-luebeck.de\/index.php?rest_route=\/wp\/v2\/pages\/87","targetHints":{"allow":["GET"]}}],"collection":[{"href":"https:\/\/verhaltenstherapie-luebeck.de\/index.php?rest_route=\/wp\/v2\/pages"}],"about":[{"href":"https:\/\/verhaltenstherapie-luebeck.de\/index.php?rest_route=\/wp\/v2\/types\/page"}],"author":[{"embeddable":true,"href":"https:\/\/verhaltenstherapie-luebeck.de\/index.php?rest_route=\/wp\/v2\/users\/1"}],"replies":[{"embeddable":true,"href":"https:\/\/verhaltenstherapie-luebeck.de\/index.php?rest_route=%2Fwp%2Fv2%2Fcomments&post=87"}],"version-history":[{"count":4,"href":"https:\/\/verhaltenstherapie-luebeck.de\/index.php?rest_route=\/wp\/v2\/pages\/87\/revisions"}],"predecessor-version":[{"id":157,"href":"https:\/\/verhaltenstherapie-luebeck.de\/index.php?rest_route=\/wp\/v2\/pages\/87\/revisions\/157"}],"wp:attachment":[{"href":"https:\/\/verhaltenstherapie-luebeck.de\/index.php?rest_route=%2Fwp%2Fv2%2Fmedia&parent=87"}],"curies":[{"name":"wp","href":"https:\/\/api.w.org\/{rel}","templated":true}]}}