{"id":14,"date":"2019-04-04T12:28:10","date_gmt":"2019-04-04T12:28:10","guid":{"rendered":"http:\/\/verhaltenstherapie-luebeck.de\/?page_id=14"},"modified":"2019-04-15T11:26:32","modified_gmt":"2019-04-15T11:26:32","slug":"verhaltenstherapie","status":"publish","type":"page","link":"https:\/\/verhaltenstherapie-luebeck.de\/?page_id=14","title":{"rendered":"Verhaltenstherapie"},"content":{"rendered":"\n<p>Verhaltenstherapie ist eine Form von Psychotherapie, die an gegenw\u00e4rtig bestehenden Problemen ansetzt, f\u00fcr die L\u00f6sungs- und Bew\u00e4ltigungsm\u00f6glichkeiten erarbeitet werden.&nbsp;<\/p>\n\n\n\n<p>Verursacht werden Probleme h\u00e4ufig durch Ereignisse oder Lebensumst\u00e4nde, die zu problematischen Verhaltensweisen, Einstellungen, Annahmen und Sichtweisen oder zu einem ung\u00fcnstigen Umgang mit den eigenen Gef\u00fchlen f\u00fchren. Welche Ursachen im konkreten Einzelfall f\u00fcr welche Beschwerden verantwortlich sind, wird zun\u00e4chst im Rahmen der Diagnostik gekl\u00e4rt. Anschlie\u00dfend wird besprochen, welche Ziele die Behandlung haben soll. Darauf aufbauend wird ein individueller Therapieplan erstellt, wobei das therapeutische Vorgehen gemeinsam mit dem Patienten besprochen und von ihm wesentlich mitbestimmt wird.&nbsp;<\/p>\n\n\n\n<p>Die Aufgabe des Therapeuten wird von uns darin gesehen, dem Patienten wissenschaftliche Erkenntnisse \u00fcber Ver\u00e4nderungs-m\u00f6glichkeiten so zu vermitteln, dass er motiviert ist diese im Alltag auszuprobieren und umzusetzen. Fragen und Zweifel von Seiten des Patienten sind ausdr\u00fccklich erw\u00fcnscht und werden als Zeichen einer interessierten Auseinandersetzung gewertet.&nbsp;<\/p>\n\n\n\n<p>Neben der genauen Analyse des Problemverhaltens wird im Rahmen der Therapie viel Wert auf die Wahrnehmung von positiven Entwicklungsimpulsen des Patienten gelegt. H\u00e4ufig sind Patienten so in Ihrer negativen Sicht gefangen, dass sie die eigenen positiven M\u00f6glichkeiten nicht realisieren. Die Therapie ist als Hilfe zur Selbsthilfe gedacht.&nbsp;<\/p>\n\n\n\n<p>Die Kosten werden von den Krankenkassen \u00fcbernommen. Abh\u00e4ngig von der Komplexit\u00e4t der Probleme werden in der Regel 20 bis 60 Therapiestunden ben\u00f6tigt. In dieser Zeit soll sich der Patient ein fundiertes Wissen \u00fcber individuelle Ver\u00e4nderungsm\u00f6glichkeiten erarbeitet haben und in der Lage sein, auch zuk\u00fcnftig auftretende Probleme besser bew\u00e4ltigen zu k\u00f6nnen.&nbsp;<br><\/p>\n","protected":false},"excerpt":{"rendered":"<p>Verhaltenstherapie ist eine Form von Psychotherapie, die an gegenw\u00e4rtig bestehenden Problemen ansetzt, f\u00fcr die L\u00f6sungs- und Bew\u00e4ltigungsm\u00f6glichkeiten erarbeitet werden.&nbsp; Verursacht werden Probleme h\u00e4ufig durch Ereignisse oder Lebensumst\u00e4nde, die zu problematischen Verhaltensweisen, Einstellungen, Annahmen und Sichtweisen oder zu einem ung\u00fcnstigen Umgang mit den eigenen Gef\u00fchlen f\u00fchren. Welche Ursachen im konkreten Einzelfall f\u00fcr welche Beschwerden verantwortlich sind, &hellip; <\/p>\n<p class=\"link-more\"><a href=\"https:\/\/verhaltenstherapie-luebeck.de\/?page_id=14\" class=\"more-link\"><span class=\"screen-reader-text\">\u201eVerhaltenstherapie\u201c<\/span> weiterlesen<\/a><\/p>\n","protected":false},"author":1,"featured_media":0,"parent":0,"menu_order":0,"comment_status":"closed","ping_status":"closed","template":"","meta":{"footnotes":""},"class_list":["post-14","page","type-page","status-publish","hentry"],"_links":{"self":[{"href":"https:\/\/verhaltenstherapie-luebeck.de\/index.php?rest_route=\/wp\/v2\/pages\/14","targetHints":{"allow":["GET"]}}],"collection":[{"href":"https:\/\/verhaltenstherapie-luebeck.de\/index.php?rest_route=\/wp\/v2\/pages"}],"about":[{"href":"https:\/\/verhaltenstherapie-luebeck.de\/index.php?rest_route=\/wp\/v2\/types\/page"}],"author":[{"embeddable":true,"href":"https:\/\/verhaltenstherapie-luebeck.de\/index.php?rest_route=\/wp\/v2\/users\/1"}],"replies":[{"embeddable":true,"href":"https:\/\/verhaltenstherapie-luebeck.de\/index.php?rest_route=%2Fwp%2Fv2%2Fcomments&post=14"}],"version-history":[{"count":3,"href":"https:\/\/verhaltenstherapie-luebeck.de\/index.php?rest_route=\/wp\/v2\/pages\/14\/revisions"}],"predecessor-version":[{"id":172,"href":"https:\/\/verhaltenstherapie-luebeck.de\/index.php?rest_route=\/wp\/v2\/pages\/14\/revisions\/172"}],"wp:attachment":[{"href":"https:\/\/verhaltenstherapie-luebeck.de\/index.php?rest_route=%2Fwp%2Fv2%2Fmedia&parent=14"}],"curies":[{"name":"wp","href":"https:\/\/api.w.org\/{rel}","templated":true}]}}